{"id":7645,"date":"2021-03-19T16:59:36","date_gmt":"2021-03-19T16:59:36","guid":{"rendered":"http:\/\/www.master.us.es\/mastersexologia\/?page_id=7645"},"modified":"2021-03-19T16:59:36","modified_gmt":"2021-03-19T16:59:36","slug":"presentacion","status":"publish","type":"page","link":"https:\/\/www.master.us.es\/mastersexologia\/presentacion\/","title":{"rendered":"Presentaci\u00f3n"},"content":{"rendered":"<p>[vc_row][vc_column][vc_column_text]<\/p>\n<p style=\"text-align: justify;\"><span style=\"color: #000000;\">El\u00a0<a href=\"http:\/\/www.master.us.es\/mastersexologia\/\"><span style=\"color: #e872a0;\"><strong>M\u00e1ster en Sexolog\u00eda organizado por la Universidad de Sevilla<\/strong><\/span><\/a> en colaboraci\u00f3n con la\u00a0<span style=\"color: #e872a0;\"><a style=\"color: #e872a0;\" href=\"https:\/\/seisex.com\/\"><strong>Sociedad Espa\u00f1ola de Intervenci\u00f3n en Sexolog\u00eda<\/strong><\/a><\/span>\u00a0 persigue que el alumnado comprenda el hecho sexual humano y adquiera las competencias necesarias para ejercer su labor profesional en el \u00e1mbito de la sexolog\u00eda.<\/span><\/p>\n<p style=\"text-align: justify;\"><span style=\"color: #000000;\">La sexualidad es entendida como salud, como bienestar biol\u00f3gico, psicol\u00f3gico y social. Desde una perspectiva interdisciplinar, se abordan todos los aspectos de la sexualidad humana que se integran bajo un mismo concepto de sexualidad.<\/span><\/p>\n<p style=\"text-align: justify;\"><span style=\"color: #000000;\">El enfoque que nos proporcionan la Historia, la Antropolog\u00eda, la Biolog\u00eda, la Medicina, la Psicolog\u00eda de la Salud, la Psicolog\u00eda Cl\u00ednica, la Psicolog\u00eda Social y las Ciencias de la Educaci\u00f3n, es debatido con el objetivo final de proporcionar a todos los profesionales que aportan sus conocimientos al campo de la sexualidad humana una perspectiva integradora que les permita abordar de la forma m\u00e1s adecuada a cada caso este complejo hecho.<\/span><\/p>\n<p style=\"text-align: justify;\"><span style=\"color: #000000;\">Desde el a\u00f1o 2005 desde la Universidad de Sevilla, llevamos formando a profesionales de la Sexolog\u00eda y proporcionando un marco formativo de calidad con m\u00e1ximo rigor tanto cient\u00edfico c\u00f3mo t\u00e9cnico, lo que nos convierte en un M\u00e1ster de referencia. Contamos con un equipo de <span style=\"color: #e872a0;\"><a style=\"color: #e872a0;\" href=\"http:\/\/www.master.us.es\/mastersexologia\/profesorado\/\"><strong>profesorado<\/strong><\/a>\u00a0<\/span>altamente cualificado, con amplia experiencia profesional y de reconocido prestigio nacional e internacional. Profesionales que est\u00e1n en continua actualizaci\u00f3n, a trav\u00e9s de la investigaci\u00f3n y la formaci\u00f3n con el objetivo de lograr la mayor eficiencia en sus intervenciones, lo que constituye un aval y un aut\u00e9ntico valor a\u00f1adido para nuestra formaci\u00f3n.<\/span><\/p>\n<p style=\"text-align: justify;\"><span style=\"color: #000000;\">El objetivo principal es que nuestro alumnado adquiera los conocimientos y competencias b\u00e1sicas y necesarias para el abordaje de los diferentes aspectos de la sexualidad humana que les permita a su vez, el desarrollo profesional en el \u00e1mbito de la sexolog\u00eda. Para ello proporcionamos un completo programa de <span style=\"color: #e872a0;\"><a style=\"color: #e872a0;\" href=\"http:\/\/www.master.us.es\/mastersexologia\/programa\/\"><strong>formaci\u00f3n te\u00f3rico-pr\u00e1ctico<\/strong><\/a><\/span>\u00a0distribuido en 19 m\u00f3dulos-asignaturas con una metodolog\u00eda activa, participativa, flexible y abierta a las modificaciones que se valoren como necesarios lo largo de su puesta en pr\u00e1ctica, sist\u00e9mica, did\u00e1ctica, cualitativa y donde por supuesto el alumnado sea el aut\u00e9ntico protagonista de la adquisici\u00f3n de conocimientos y de su aprendizaje.<\/span><\/p>\n<p style=\"text-align: justify;\"><span style=\"color: #000000;\">En definitiva, lo que se pretende a trav\u00e9s de esta <span style=\"color: #e872a0;\"><a style=\"color: #e872a0;\" href=\"http:\/\/www.master.us.es\/mastersexologia\/programa\/\"><strong>formaci\u00f3n te\u00f3rico-pr\u00e1ctica<\/strong><\/a><\/span> es utilizar el desarrollo cient\u00edfico de la Sexolog\u00eda para que los y las profesionales adquieran los instrumentos y conocimientos necesarios que les permitan mejorar la compresi\u00f3n del Hecho Sexual Humano e impulsar la Salud sexual como derecho humano b\u00e1sico y fundamental (Barriga, 2005).<\/span><\/p>\n<p>[\/vc_column_text][\/vc_column][\/vc_row]<\/p>\n","protected":false},"excerpt":{"rendered":"<p>[vc_row][vc_column][vc_column_text] El\u00a0M\u00e1ster en Sexolog\u00eda organizado por la Universidad de Sevilla en colaboraci\u00f3n con la\u00a0Sociedad Espa\u00f1ola de Intervenci\u00f3n en Sexolog\u00eda\u00a0 persigue que el alumnado comprenda el hecho sexual humano y adquiera las competencias necesarias para ejercer su labor profesional en el \u00e1mbito de la sexolog\u00eda. La sexualidad es entendida como salud, como bienestar biol\u00f3gico, psicol\u00f3gico y [&hellip;]<\/p>\n","protected":false},"author":1,"featured_media":0,"parent":0,"menu_order":0,"comment_status":"closed","ping_status":"closed","template":"","meta":{"_joinchat":[]},"yoast_head":"<!-- This site is optimized with the Yoast SEO plugin v20.4 - https:\/\/yoast.com\/wordpress\/plugins\/seo\/ -->\n<title>Presentaci\u00f3n - M\u00e1ster en Sexolog\u00eda - Universidad de Sevilla<\/title>\n<meta name=\"robots\" content=\"index, follow, max-snippet:-1, max-image-preview:large, max-video-preview:-1\" \/>\n<link rel=\"canonical\" href=\"https:\/\/www.master.us.es\/mastersexologia\/presentacion\/\" \/>\n<meta property=\"og:locale\" content=\"es_ES\" \/>\n<meta property=\"og:type\" content=\"article\" \/>\n<meta property=\"og:title\" content=\"Presentaci\u00f3n - M\u00e1ster en Sexolog\u00eda - Universidad de Sevilla\" \/>\n<meta property=\"og:description\" content=\"[vc_row][vc_column][vc_column_text] El\u00a0M\u00e1ster en Sexolog\u00eda organizado por la Universidad de Sevilla en colaboraci\u00f3n con la\u00a0Sociedad Espa\u00f1ola de Intervenci\u00f3n en Sexolog\u00eda\u00a0 persigue que el alumnado comprenda el hecho sexual humano y adquiera las competencias necesarias para ejercer su labor profesional en el \u00e1mbito de la sexolog\u00eda. La sexualidad es entendida como salud, como bienestar biol\u00f3gico, psicol\u00f3gico y [&hellip;]\" \/>\n<meta property=\"og:url\" content=\"https:\/\/www.master.us.es\/mastersexologia\/presentacion\/\" \/>\n<meta property=\"og:site_name\" content=\"M\u00e1ster en Sexolog\u00eda - Universidad de Sevilla\" \/>\n<meta property=\"article:publisher\" content=\"https:\/\/www.facebook.com\/watch\/Master-en-Sexolog%c3%ada-Universidad-de-Sevilla-478143765551553\/\" \/>\n<meta name=\"twitter:card\" content=\"summary_large_image\" \/>\n<script type=\"application\/ld+json\" class=\"yoast-schema-graph\">{\"@context\":\"https:\/\/schema.org\",\"@graph\":[{\"@type\":\"WebPage\",\"@id\":\"https:\/\/www.master.us.es\/mastersexologia\/presentacion\/\",\"url\":\"https:\/\/www.master.us.es\/mastersexologia\/presentacion\/\",\"name\":\"Presentaci\u00f3n - M\u00e1ster en Sexolog\u00eda - Universidad de Sevilla\",\"isPartOf\":{\"@id\":\"https:\/\/www.master.us.es\/mastersexologia\/#website\"},\"datePublished\":\"2021-03-19T16:59:36+00:00\",\"dateModified\":\"2021-03-19T16:59:36+00:00\",\"breadcrumb\":{\"@id\":\"https:\/\/www.master.us.es\/mastersexologia\/presentacion\/#breadcrumb\"},\"inLanguage\":\"es\",\"potentialAction\":[{\"@type\":\"ReadAction\",\"target\":[\"https:\/\/www.master.us.es\/mastersexologia\/presentacion\/\"]}]},{\"@type\":\"BreadcrumbList\",\"@id\":\"https:\/\/www.master.us.es\/mastersexologia\/presentacion\/#breadcrumb\",\"itemListElement\":[{\"@type\":\"ListItem\",\"position\":1,\"name\":\"Portada\",\"item\":\"https:\/\/www.master.us.es\/mastersexologia\/\"},{\"@type\":\"ListItem\",\"position\":2,\"name\":\"Presentaci\u00f3n\"}]},{\"@type\":\"WebSite\",\"@id\":\"https:\/\/www.master.us.es\/mastersexologia\/#website\",\"url\":\"https:\/\/www.master.us.es\/mastersexologia\/\",\"name\":\"M\u00e1ster en Sexolog\u00eda - Universidad de Sevilla\",\"description\":\"M\u00e1ster en Sexolog\u00eda de la Universidad de Sevilla\",\"publisher\":{\"@id\":\"https:\/\/www.master.us.es\/mastersexologia\/#organization\"},\"potentialAction\":[{\"@type\":\"SearchAction\",\"target\":{\"@type\":\"EntryPoint\",\"urlTemplate\":\"https:\/\/www.master.us.es\/mastersexologia\/?s={search_term_string}\"},\"query-input\":\"required name=search_term_string\"}],\"inLanguage\":\"es\"},{\"@type\":\"Organization\",\"@id\":\"https:\/\/www.master.us.es\/mastersexologia\/#organization\",\"name\":\"Master en Sexologia de la Universidad de Sevilla\",\"url\":\"https:\/\/www.master.us.es\/mastersexologia\/\",\"logo\":{\"@type\":\"ImageObject\",\"inLanguage\":\"es\",\"@id\":\"https:\/\/www.master.us.es\/mastersexologia\/#\/schema\/logo\/image\/\",\"url\":\"http:\/\/www.master.us.es\/mastersexologia\/wp-content\/uploads\/2016\/05\/logo-master.png\",\"contentUrl\":\"http:\/\/www.master.us.es\/mastersexologia\/wp-content\/uploads\/2016\/05\/logo-master.png\",\"width\":550,\"height\":114,\"caption\":\"Master en Sexologia de la Universidad de Sevilla\"},\"image\":{\"@id\":\"https:\/\/www.master.us.es\/mastersexologia\/#\/schema\/logo\/image\/\"},\"sameAs\":[\"https:\/\/www.facebook.com\/watch\/Master-en-Sexolog\u00eda-Universidad-de-Sevilla-478143765551553\/\",\"https:\/\/www.instagram.com\/mastersexologiaunisevilla\/\"]}]}<\/script>\n<!-- \/ Yoast SEO plugin. -->","yoast_head_json":{"title":"Presentaci\u00f3n - M\u00e1ster en Sexolog\u00eda - Universidad de Sevilla","robots":{"index":"index","follow":"follow","max-snippet":"max-snippet:-1","max-image-preview":"max-image-preview:large","max-video-preview":"max-video-preview:-1"},"canonical":"https:\/\/www.master.us.es\/mastersexologia\/presentacion\/","og_locale":"es_ES","og_type":"article","og_title":"Presentaci\u00f3n - M\u00e1ster en Sexolog\u00eda - Universidad de Sevilla","og_description":"[vc_row][vc_column][vc_column_text] El\u00a0M\u00e1ster en Sexolog\u00eda organizado por la Universidad de Sevilla en colaboraci\u00f3n con la\u00a0Sociedad Espa\u00f1ola de Intervenci\u00f3n en Sexolog\u00eda\u00a0 persigue que el alumnado comprenda el hecho sexual humano y adquiera las competencias necesarias para ejercer su labor profesional en el \u00e1mbito de la sexolog\u00eda. La sexualidad es entendida como salud, como bienestar biol\u00f3gico, psicol\u00f3gico y [&hellip;]","og_url":"https:\/\/www.master.us.es\/mastersexologia\/presentacion\/","og_site_name":"M\u00e1ster en Sexolog\u00eda - Universidad de Sevilla","article_publisher":"https:\/\/www.facebook.com\/watch\/Master-en-Sexolog%c3%ada-Universidad-de-Sevilla-478143765551553\/","twitter_card":"summary_large_image","schema":{"@context":"https:\/\/schema.org","@graph":[{"@type":"WebPage","@id":"https:\/\/www.master.us.es\/mastersexologia\/presentacion\/","url":"https:\/\/www.master.us.es\/mastersexologia\/presentacion\/","name":"Presentaci\u00f3n - M\u00e1ster en Sexolog\u00eda - Universidad de Sevilla","isPartOf":{"@id":"https:\/\/www.master.us.es\/mastersexologia\/#website"},"datePublished":"2021-03-19T16:59:36+00:00","dateModified":"2021-03-19T16:59:36+00:00","breadcrumb":{"@id":"https:\/\/www.master.us.es\/mastersexologia\/presentacion\/#breadcrumb"},"inLanguage":"es","potentialAction":[{"@type":"ReadAction","target":["https:\/\/www.master.us.es\/mastersexologia\/presentacion\/"]}]},{"@type":"BreadcrumbList","@id":"https:\/\/www.master.us.es\/mastersexologia\/presentacion\/#breadcrumb","itemListElement":[{"@type":"ListItem","position":1,"name":"Portada","item":"https:\/\/www.master.us.es\/mastersexologia\/"},{"@type":"ListItem","position":2,"name":"Presentaci\u00f3n"}]},{"@type":"WebSite","@id":"https:\/\/www.master.us.es\/mastersexologia\/#website","url":"https:\/\/www.master.us.es\/mastersexologia\/","name":"M\u00e1ster en Sexolog\u00eda - Universidad de Sevilla","description":"M\u00e1ster en Sexolog\u00eda de la Universidad de Sevilla","publisher":{"@id":"https:\/\/www.master.us.es\/mastersexologia\/#organization"},"potentialAction":[{"@type":"SearchAction","target":{"@type":"EntryPoint","urlTemplate":"https:\/\/www.master.us.es\/mastersexologia\/?s={search_term_string}"},"query-input":"required name=search_term_string"}],"inLanguage":"es"},{"@type":"Organization","@id":"https:\/\/www.master.us.es\/mastersexologia\/#organization","name":"Master en Sexologia de la Universidad de Sevilla","url":"https:\/\/www.master.us.es\/mastersexologia\/","logo":{"@type":"ImageObject","inLanguage":"es","@id":"https:\/\/www.master.us.es\/mastersexologia\/#\/schema\/logo\/image\/","url":"http:\/\/www.master.us.es\/mastersexologia\/wp-content\/uploads\/2016\/05\/logo-master.png","contentUrl":"http:\/\/www.master.us.es\/mastersexologia\/wp-content\/uploads\/2016\/05\/logo-master.png","width":550,"height":114,"caption":"Master en Sexologia de la Universidad de Sevilla"},"image":{"@id":"https:\/\/www.master.us.es\/mastersexologia\/#\/schema\/logo\/image\/"},"sameAs":["https:\/\/www.facebook.com\/watch\/Master-en-Sexolog\u00eda-Universidad-de-Sevilla-478143765551553\/","https:\/\/www.instagram.com\/mastersexologiaunisevilla\/"]}]}},"_links":{"self":[{"href":"https:\/\/www.master.us.es\/mastersexologia\/wp-json\/wp\/v2\/pages\/7645"}],"collection":[{"href":"https:\/\/www.master.us.es\/mastersexologia\/wp-json\/wp\/v2\/pages"}],"about":[{"href":"https:\/\/www.master.us.es\/mastersexologia\/wp-json\/wp\/v2\/types\/page"}],"author":[{"embeddable":true,"href":"https:\/\/www.master.us.es\/mastersexologia\/wp-json\/wp\/v2\/users\/1"}],"replies":[{"embeddable":true,"href":"https:\/\/www.master.us.es\/mastersexologia\/wp-json\/wp\/v2\/comments?post=7645"}],"version-history":[{"count":0,"href":"https:\/\/www.master.us.es\/mastersexologia\/wp-json\/wp\/v2\/pages\/7645\/revisions"}],"wp:attachment":[{"href":"https:\/\/www.master.us.es\/mastersexologia\/wp-json\/wp\/v2\/media?parent=7645"}],"curies":[{"name":"wp","href":"https:\/\/api.w.org\/{rel}","templated":true}]}}