{"id":8136,"date":"2021-04-12T21:36:29","date_gmt":"2021-04-12T21:36:29","guid":{"rendered":"http:\/\/www.master.us.es\/mastersexologia\/?page_id=8136"},"modified":"2021-04-12T21:36:29","modified_gmt":"2021-04-12T21:36:29","slug":"aviso-legal","status":"publish","type":"page","link":"https:\/\/www.master.us.es\/mastersexologia\/aviso-legal\/","title":{"rendered":"Aviso Legal"},"content":{"rendered":"<p>[vc_row][vc_column][vc_column_text]<\/p>\n<div class=\"field field--name-node-title field--type-ds field--label-hidden field__item\">\n<h3>Informaci\u00f3n general<\/h3>\n<p>En cumplimiento de lo previsto en la Ley 34\/2002, de 11 de julio, de Servicios de la Sociedad de la Informaci\u00f3n y de Comercio Electr\u00f3nico, as\u00ed como en otras normas de legal aplicaci\u00f3n, se pone en conocimiento de los usuarios del Portal de Internet www.us.es los siguientes datos de informaci\u00f3n general:<\/p>\n<\/div>\n<div class=\"clearfix text-formatted field field--name-body field--type-text-with-summary field--label-hidden field__item\">\n<ol>\n<li>El presente portal constituye el Sitio Oficial en Internet del M\u00c1STER EN SEXOLOG\u00cdA DE LA UNIVERSIDAD DE SEVILLA. Ha sido creado y es mantenido a instancias del \u201cM\u00c1STER EN SEXOLOG\u00cdA DE LA UNIVERSIDAD DE SEVILLA\u201d, quien es su propietaria, as\u00ed como de aquellos nombres de dominio que a \u00e9l conducen<\/li>\n<li>EL M\u00c1STER EN SEXOLOG\u00cdA DE LA UNIVERSIDAD DE SEVILLA es una instituci\u00f3n p\u00fablica educativa.<\/li>\n<li>EL M\u00c1STER EN SEXOLOG\u00cdA DE LA UNIVERSIDAD DE SEVILLA est\u00e1 provisto de C.I.F. n\u00ba Q-4118001-I<\/li>\n<li>La sede del M\u00c1STER EN SEXOLOG\u00cdA DE LA UNIVERSIDAD DE SEVILLA se encuentra en:C\/ Camilo Jos\u00e9 Cela S\/N (C.P. 41018) SEVILLA<br \/>\nESPA\u00d1A<\/li>\n<li>Los usuarios del presente portal podr\u00e1n establecer una comunicaci\u00f3n directa y efectiva con la EL M\u00c1STER EN SEXOLOG\u00cdA DE LA UNIVERSIDAD DE SEVILLA mediante comunicaci\u00f3n escrita remitida a su domicilio social, indicado en el punto 4 de los que componen esta Informaci\u00f3n General.<\/li>\n<\/ol>\n<p>&nbsp;<\/p>\n<h3>Pol\u00edtica de cookies<\/h3>\n<p>La presente pol\u00edtica de cookies tiene por finalidad informarle de manera clara y precisa sobre las cookies que se utilizan en el portal web del M\u00e1ster en Sexolog\u00eda de la Universidad de Sevilla.<\/p>\n<p><strong>\u00bfQu\u00e9 son las cookies?<\/strong><\/p>\n<p>Una cookie es un fragmento de texto que los sitios web que visita env\u00edan al navegador y que permite que el sitio web recuerde informaci\u00f3n sobre su visita, como su idioma preferido y otras opciones, con el fin de facilitar su pr\u00f3xima visita y hacer que el sitio le resulte m\u00e1s \u00fatil. Las cookies desempe\u00f1an un papel muy importante y contribuyen a tener una mejor experiencia de navegaci\u00f3n para el usuario.<\/p>\n<p><strong>Tipos de cookies<\/strong><\/p>\n<p>Seg\u00fan qui\u00e9n sea la entidad que gestione el dominio desde donde se env\u00edan las cookies y se traten los datos que se obtengan, se pueden distinguir dos tipos: cookies propias y cookies de terceros.<\/p>\n<p>Existe tambi\u00e9n una segunda clasificaci\u00f3n seg\u00fan el plazo de tiempo que permanecen almacenadas en el navegador del cliente, pudiendo tratarse de cookies de sesi\u00f3n o cookies persistentes.<\/p>\n<p>Por \u00faltimo, existe otra clasificaci\u00f3n con cinco tipos de cookies seg\u00fan la finalidad para la que se traten los datos obtenidos: cookies t\u00e9cnicas, cookies de personalizaci\u00f3n, cookies de an\u00e1lisis, cookies publicitarias y cookies de publicidad comportamental.<\/p>\n<p>Para m\u00e1s informaci\u00f3n a este respecto puede consultar la\u00a0<a href=\"https:\/\/www.aepd.es\/sites\/default\/files\/2019-12\/guia-cookies_1.pdf\" target=\"_blank\" rel=\"noopener\">Gu\u00eda sobre el uso de las cookies de la Agencia Espa\u00f1ola de Protecci\u00f3n de Datos<\/a>.<\/p>\n<p><strong>Cookies utilizadas en el portal web del M\u00e1ster en Sexolog\u00eda de la Universidad de Sevilla<\/strong><\/p>\n<p>A continuaci\u00f3n se identifican las cookies que est\u00e1n siendo utilizadas en este portal, as\u00ed como su tipolog\u00eda y funci\u00f3n:<\/p>\n<p>El sitio web del M\u00e1ster en Sexolog\u00eda de la Universidad de Sevilla utiliza Google Analytics, un servicio de anal\u00edtica web desarrollada por Google, que permite la medici\u00f3n y an\u00e1lisis de la navegaci\u00f3n en las p\u00e1ginas web. En su navegador podr\u00e1 observar cookies de este servicio. Seg\u00fan la tipolog\u00eda anterior se trata de cookies propias, de sesi\u00f3n y de an\u00e1lisis.<\/p>\n<p>A trav\u00e9s de la anal\u00edtica web se obtiene informaci\u00f3n relativa al n\u00famero de usuarios que acceden a la web, el n\u00famero de p\u00e1ginas vistas, la frecuencia y repetici\u00f3n de las visitas, su duraci\u00f3n, el navegador utilizado, el operador que presta el servicio, el idioma, el terminal que utiliza y la ciudad a la que est\u00e1 asignada su direcci\u00f3n IP. Informaci\u00f3n que posibilita un mejor y m\u00e1s apropiado servicio por parte de este portal.<\/p>\n<p>Para garantizar el anonimato, Google convertir\u00e1 su informaci\u00f3n en an\u00f3nima truncando la direcci\u00f3n IP antes de almacenarla, de forma que Google Analytics no se usa para localizar o recabar informaci\u00f3n personal identificable de los visitantes del sitio. Google solo podr\u00e1 enviar la informaci\u00f3n recabada por Google Analytics a terceros cuanto est\u00e9 legalmente obligado a ello. Con arreglo a las condiciones de prestaci\u00f3n del servicio de Google Analytics, Google no asociar\u00e1 su direcci\u00f3n IP a ning\u00fan otro dato conservado por Google.<\/p>\n<p>Por \u00faltimo, se descarga una cookie denominada cookie_agreed, propia, de tipo t\u00e9cnico y de sesi\u00f3n. Gestiona el consentimiento del usuario para el uso de las cookies en la p\u00e1gina web. El objetivo es recordar aquellos usuarios que las han aceptado y aquellos que no, de modo que a los primeros no se les muestre informaci\u00f3n en la parte inferior de la p\u00e1gina al respecto.<\/p>\n<p><strong>Aceptaci\u00f3n de la pol\u00edtica de cookies<\/strong><\/p>\n<p>Pulsando el bot\u00f3n \u00abHe le\u00eddo la pol\u00edtica de cookies\u00bb se asume que usted acepta el uso de cookies.<\/p>\n<p><strong>C\u00f3mo modificar la configuraci\u00f3n de las cookies<\/strong><\/p>\n<p>Usted puede restringir, bloquear o borrar las cookies del M\u00e1ster en Sexolog\u00eda de la Universidad de Sevilla o cualquier otra p\u00e1gina web, utilizando su navegador. En cada navegador la operativa es diferente, la funci\u00f3n de &#8216;Ayuda\u00bb le mostrar\u00e1 c\u00f3mo hacerlo.<\/p>\n<p>A continuaci\u00f3n se muestran los enlaces de cada una de las gu\u00edas de ayuda seg\u00fan el navegador utilizado:<\/p>\n<ul>\n<li><a href=\"https:\/\/support.microsoft.com\/es-es\/help\/17442\/windows-internet-explorer-delete-manage-cookies#ie=%22ie-10%22\" target=\"_blank\" rel=\"noopener\">Internet Explorer<\/a>.<\/li>\n<li><a href=\"https:\/\/support.mozilla.org\/es\/kb\/Borrar%20cookies\" target=\"_blank\" rel=\"noopener\">Firefox<\/a>.<\/li>\n<li><a href=\"https:\/\/support.google.com\/chrome\/answer\/95647?hl=%22es%22\" target=\"_blank\" rel=\"noopener\">Chrome<\/a>.<\/li>\n<li><a href=\"https:\/\/www.apple.com\/legal\/privacy\/es\/cookies\/\" target=\"_blank\" rel=\"noopener\">Safari<\/a>.<\/li>\n<\/ul>\n<\/div>\n<p>[\/vc_column_text][\/vc_column][\/vc_row]<\/p>\n","protected":false},"excerpt":{"rendered":"<p>[vc_row][vc_column][vc_column_text] Informaci\u00f3n general En cumplimiento de lo previsto en la Ley 34\/2002, de 11 de julio, de Servicios de la Sociedad de la Informaci\u00f3n y de Comercio Electr\u00f3nico, as\u00ed como en otras normas de legal aplicaci\u00f3n, se pone en conocimiento de los usuarios del Portal de Internet www.us.es los siguientes datos de informaci\u00f3n general: El [&hellip;]<\/p>\n","protected":false},"author":1,"featured_media":0,"parent":0,"menu_order":0,"comment_status":"closed","ping_status":"closed","template":"","meta":{"_joinchat":[]},"yoast_head":"<!-- This site is optimized with the Yoast SEO plugin v20.4 - https:\/\/yoast.com\/wordpress\/plugins\/seo\/ -->\n<title>Aviso Legal - M\u00e1ster en Sexolog\u00eda - Universidad de Sevilla<\/title>\n<meta name=\"robots\" content=\"index, follow, max-snippet:-1, max-image-preview:large, max-video-preview:-1\" \/>\n<link rel=\"canonical\" href=\"https:\/\/www.master.us.es\/mastersexologia\/aviso-legal\/\" \/>\n<meta property=\"og:locale\" content=\"es_ES\" \/>\n<meta property=\"og:type\" content=\"article\" \/>\n<meta property=\"og:title\" content=\"Aviso Legal - M\u00e1ster en Sexolog\u00eda - Universidad de Sevilla\" \/>\n<meta property=\"og:description\" content=\"[vc_row][vc_column][vc_column_text] Informaci\u00f3n general En cumplimiento de lo previsto en la Ley 34\/2002, de 11 de julio, de Servicios de la Sociedad de la Informaci\u00f3n y de Comercio Electr\u00f3nico, as\u00ed como en otras normas de legal aplicaci\u00f3n, se pone en conocimiento de los usuarios del Portal de Internet www.us.es los siguientes datos de informaci\u00f3n general: El [&hellip;]\" \/>\n<meta property=\"og:url\" content=\"https:\/\/www.master.us.es\/mastersexologia\/aviso-legal\/\" \/>\n<meta property=\"og:site_name\" content=\"M\u00e1ster en Sexolog\u00eda - Universidad de Sevilla\" \/>\n<meta property=\"article:publisher\" content=\"https:\/\/www.facebook.com\/watch\/Master-en-Sexolog%c3%ada-Universidad-de-Sevilla-478143765551553\/\" \/>\n<meta name=\"twitter:card\" content=\"summary_large_image\" \/>\n<script type=\"application\/ld+json\" class=\"yoast-schema-graph\">{\"@context\":\"https:\/\/schema.org\",\"@graph\":[{\"@type\":\"WebPage\",\"@id\":\"https:\/\/www.master.us.es\/mastersexologia\/aviso-legal\/\",\"url\":\"https:\/\/www.master.us.es\/mastersexologia\/aviso-legal\/\",\"name\":\"Aviso Legal - M\u00e1ster en Sexolog\u00eda - Universidad de Sevilla\",\"isPartOf\":{\"@id\":\"https:\/\/www.master.us.es\/mastersexologia\/#website\"},\"datePublished\":\"2021-04-12T21:36:29+00:00\",\"dateModified\":\"2021-04-12T21:36:29+00:00\",\"breadcrumb\":{\"@id\":\"https:\/\/www.master.us.es\/mastersexologia\/aviso-legal\/#breadcrumb\"},\"inLanguage\":\"es\",\"potentialAction\":[{\"@type\":\"ReadAction\",\"target\":[\"https:\/\/www.master.us.es\/mastersexologia\/aviso-legal\/\"]}]},{\"@type\":\"BreadcrumbList\",\"@id\":\"https:\/\/www.master.us.es\/mastersexologia\/aviso-legal\/#breadcrumb\",\"itemListElement\":[{\"@type\":\"ListItem\",\"position\":1,\"name\":\"Portada\",\"item\":\"https:\/\/www.master.us.es\/mastersexologia\/\"},{\"@type\":\"ListItem\",\"position\":2,\"name\":\"Aviso Legal\"}]},{\"@type\":\"WebSite\",\"@id\":\"https:\/\/www.master.us.es\/mastersexologia\/#website\",\"url\":\"https:\/\/www.master.us.es\/mastersexologia\/\",\"name\":\"M\u00e1ster en Sexolog\u00eda - Universidad de Sevilla\",\"description\":\"M\u00e1ster en Sexolog\u00eda de la Universidad de Sevilla\",\"publisher\":{\"@id\":\"https:\/\/www.master.us.es\/mastersexologia\/#organization\"},\"potentialAction\":[{\"@type\":\"SearchAction\",\"target\":{\"@type\":\"EntryPoint\",\"urlTemplate\":\"https:\/\/www.master.us.es\/mastersexologia\/?s={search_term_string}\"},\"query-input\":\"required name=search_term_string\"}],\"inLanguage\":\"es\"},{\"@type\":\"Organization\",\"@id\":\"https:\/\/www.master.us.es\/mastersexologia\/#organization\",\"name\":\"Master en Sexologia de la Universidad de Sevilla\",\"url\":\"https:\/\/www.master.us.es\/mastersexologia\/\",\"logo\":{\"@type\":\"ImageObject\",\"inLanguage\":\"es\",\"@id\":\"https:\/\/www.master.us.es\/mastersexologia\/#\/schema\/logo\/image\/\",\"url\":\"http:\/\/www.master.us.es\/mastersexologia\/wp-content\/uploads\/2016\/05\/logo-master.png\",\"contentUrl\":\"http:\/\/www.master.us.es\/mastersexologia\/wp-content\/uploads\/2016\/05\/logo-master.png\",\"width\":550,\"height\":114,\"caption\":\"Master en Sexologia de la Universidad de Sevilla\"},\"image\":{\"@id\":\"https:\/\/www.master.us.es\/mastersexologia\/#\/schema\/logo\/image\/\"},\"sameAs\":[\"https:\/\/www.facebook.com\/watch\/Master-en-Sexolog\u00eda-Universidad-de-Sevilla-478143765551553\/\",\"https:\/\/www.instagram.com\/mastersexologiaunisevilla\/\"]}]}<\/script>\n<!-- \/ Yoast SEO plugin. -->","yoast_head_json":{"title":"Aviso Legal - M\u00e1ster en Sexolog\u00eda - Universidad de Sevilla","robots":{"index":"index","follow":"follow","max-snippet":"max-snippet:-1","max-image-preview":"max-image-preview:large","max-video-preview":"max-video-preview:-1"},"canonical":"https:\/\/www.master.us.es\/mastersexologia\/aviso-legal\/","og_locale":"es_ES","og_type":"article","og_title":"Aviso Legal - M\u00e1ster en Sexolog\u00eda - Universidad de Sevilla","og_description":"[vc_row][vc_column][vc_column_text] Informaci\u00f3n general En cumplimiento de lo previsto en la Ley 34\/2002, de 11 de julio, de Servicios de la Sociedad de la Informaci\u00f3n y de Comercio Electr\u00f3nico, as\u00ed como en otras normas de legal aplicaci\u00f3n, se pone en conocimiento de los usuarios del Portal de Internet www.us.es los siguientes datos de informaci\u00f3n general: El [&hellip;]","og_url":"https:\/\/www.master.us.es\/mastersexologia\/aviso-legal\/","og_site_name":"M\u00e1ster en Sexolog\u00eda - Universidad de Sevilla","article_publisher":"https:\/\/www.facebook.com\/watch\/Master-en-Sexolog%c3%ada-Universidad-de-Sevilla-478143765551553\/","twitter_card":"summary_large_image","schema":{"@context":"https:\/\/schema.org","@graph":[{"@type":"WebPage","@id":"https:\/\/www.master.us.es\/mastersexologia\/aviso-legal\/","url":"https:\/\/www.master.us.es\/mastersexologia\/aviso-legal\/","name":"Aviso Legal - M\u00e1ster en Sexolog\u00eda - Universidad de Sevilla","isPartOf":{"@id":"https:\/\/www.master.us.es\/mastersexologia\/#website"},"datePublished":"2021-04-12T21:36:29+00:00","dateModified":"2021-04-12T21:36:29+00:00","breadcrumb":{"@id":"https:\/\/www.master.us.es\/mastersexologia\/aviso-legal\/#breadcrumb"},"inLanguage":"es","potentialAction":[{"@type":"ReadAction","target":["https:\/\/www.master.us.es\/mastersexologia\/aviso-legal\/"]}]},{"@type":"BreadcrumbList","@id":"https:\/\/www.master.us.es\/mastersexologia\/aviso-legal\/#breadcrumb","itemListElement":[{"@type":"ListItem","position":1,"name":"Portada","item":"https:\/\/www.master.us.es\/mastersexologia\/"},{"@type":"ListItem","position":2,"name":"Aviso Legal"}]},{"@type":"WebSite","@id":"https:\/\/www.master.us.es\/mastersexologia\/#website","url":"https:\/\/www.master.us.es\/mastersexologia\/","name":"M\u00e1ster en Sexolog\u00eda - Universidad de Sevilla","description":"M\u00e1ster en Sexolog\u00eda de la Universidad de Sevilla","publisher":{"@id":"https:\/\/www.master.us.es\/mastersexologia\/#organization"},"potentialAction":[{"@type":"SearchAction","target":{"@type":"EntryPoint","urlTemplate":"https:\/\/www.master.us.es\/mastersexologia\/?s={search_term_string}"},"query-input":"required name=search_term_string"}],"inLanguage":"es"},{"@type":"Organization","@id":"https:\/\/www.master.us.es\/mastersexologia\/#organization","name":"Master en Sexologia de la Universidad de Sevilla","url":"https:\/\/www.master.us.es\/mastersexologia\/","logo":{"@type":"ImageObject","inLanguage":"es","@id":"https:\/\/www.master.us.es\/mastersexologia\/#\/schema\/logo\/image\/","url":"http:\/\/www.master.us.es\/mastersexologia\/wp-content\/uploads\/2016\/05\/logo-master.png","contentUrl":"http:\/\/www.master.us.es\/mastersexologia\/wp-content\/uploads\/2016\/05\/logo-master.png","width":550,"height":114,"caption":"Master en Sexologia de la Universidad de Sevilla"},"image":{"@id":"https:\/\/www.master.us.es\/mastersexologia\/#\/schema\/logo\/image\/"},"sameAs":["https:\/\/www.facebook.com\/watch\/Master-en-Sexolog\u00eda-Universidad-de-Sevilla-478143765551553\/","https:\/\/www.instagram.com\/mastersexologiaunisevilla\/"]}]}},"_links":{"self":[{"href":"https:\/\/www.master.us.es\/mastersexologia\/wp-json\/wp\/v2\/pages\/8136"}],"collection":[{"href":"https:\/\/www.master.us.es\/mastersexologia\/wp-json\/wp\/v2\/pages"}],"about":[{"href":"https:\/\/www.master.us.es\/mastersexologia\/wp-json\/wp\/v2\/types\/page"}],"author":[{"embeddable":true,"href":"https:\/\/www.master.us.es\/mastersexologia\/wp-json\/wp\/v2\/users\/1"}],"replies":[{"embeddable":true,"href":"https:\/\/www.master.us.es\/mastersexologia\/wp-json\/wp\/v2\/comments?post=8136"}],"version-history":[{"count":0,"href":"https:\/\/www.master.us.es\/mastersexologia\/wp-json\/wp\/v2\/pages\/8136\/revisions"}],"wp:attachment":[{"href":"https:\/\/www.master.us.es\/mastersexologia\/wp-json\/wp\/v2\/media?parent=8136"}],"curies":[{"name":"wp","href":"https:\/\/api.w.org\/{rel}","templated":true}]}}